est common factor of 273 and 2541?
21
Calculate the highest common factor of 19834 and 41356.
422
What is the highest common factor of 2160 and 468?
36
What is the greatest common factor of 231103 and 118?
59
Calculate the greatest common divisor of 96 and 44848.
16
Calculate the greatest common factor of 148 and 137122.
74
What is the greatest common divisor of 144971 and 3741?
29
Calculate the highest common factor of 4338432 and 896.
896
Calculate the highest common factor of 17234 and 56.
14
What is the highest common factor of 7912 and 13800?
184
Calculate the highest common factor of 187 and 46156.
11
Calculate the greatest common factor of 60 and 32676.
12
Calculate the greatest common factor of 109 and 53083.
109
What is the highest common divisor of 4898 and 7584?
158
What is the greatest common factor of 649 and 68948?
11
Calculate the greatest common factor of 25024 and 106896.
272
What is the highest common factor of 62 and 283092?
62
Calculate the greatest common factor of 21610 and 110.
10
Calculate the greatest common factor of 221151 and 14.
7
What is the highest common factor of 162 and 31986?
18
Calculate the greatest common factor of 529783 and 9008.
563
Calculate the highest common divisor of 9536 and 3427.
149
What is the highest common factor of 2600370 and 40?
10
What is the greatest common divisor of 186 and 258?
6
Calculate the highest common factor of 125312 and 176.
176
What is the greatest common factor of 3111 and 816?
51
Calculate the highest common divisor of 5413930 and 470.
470
What is the highest common factor of 79034 and 258?
86
What is the highest common factor of 271060 and 20?
20
Calculate the highest common factor of 7516 and 16.
4
What is the greatest common factor of 28 and 1668?
4
Calculate the greatest common divisor of 5 and 20065.
5
Calculate the highest common factor of 1014636 and 48.
12
What is the greatest common factor of 1099481 and 862?
431
Calculate the greatest common divisor of 1212 and 151904.
404
What is the highest common divisor of 9680 and 1056880?
880
What is the highest common divisor of 5 and 2048765?
5
Calculate the highest common factor of 2316 and 111940.
772
Calculate the greatest common divisor of 70737 and 1071.
51
Calculate the highest common factor of 5512 and 3328.
104
Calculate the greatest common factor of 32 and 4137.
1
What is the greatest common divisor of 4446 and 74516?
26
What is the highest common factor of 66263 and 67?
67
Calculate the highest common factor of 213434 and 702.
26
What is the highest common factor of 705418 and 28?
14
What is the greatest common factor of 112 and 12047?
7
What is the highest common factor of 9396319 and 29?
29
Calculate the highest common factor of 1190 and 180370.
170
What is the greatest common divisor of 70235 and 165?
55
Calculate the greatest common factor of 274 and 18495.
137
What is the greatest common factor of 2410 and 965?
5
Calculate the greatest common factor of 53 and 103403.
53
What is the highest common divisor of 7850 and 4150?
50
Calculate the greatest common factor of 2075 and 60.
5
Calculate the greatest common factor of 1170 and 1287468.
234
Calculate the highest common factor of 5200 and 1456.
208
Calculate the highest common factor of 6586 and 54316.
74
What is the greatest common divisor of 1089680 and 3598?
514
Calculate the highest common divisor of 2002 and 352.
22
What is the highest common divisor of 2067882 and 642?
642
Calculate the highest common factor of 81 and 4039551.
81
Calculate the greatest common factor of 63 and 19350.
9
Calculate the highest common divisor of 168 and 7994.
14
What is the greatest common divisor of 100157 and 47?
47
Calculate the highest common factor of 620145 and 180.
45
Calculate the greatest common factor of 2852 and 184.
92
What is the greatest common factor of 477622 and 19?
19
What is the highest common divisor of 9960 and 615?
15
Calculate the greatest common factor of 1532334 and 492.
246
Calculate the greatest common factor of 9943384 and 2504.
2504
What is the highest common factor of 69930 and 52290?
630
What is the greatest common divisor of 14 and 107807?
7
What is the highest common factor of 225 and 17535?
15
What is the highest common divisor of 253 and 4945?
23
Calculate the highest common factor of 24250 and 600.
50
What is the greatest common divisor of 48416 and 13600?
544
What is the highest common divisor of 451339 and 1661?
151
Calculate the greatest common factor of 4386593 and 213.
71
Calculate the greatest common factor of 124640 and 2665.
205
Calculate the highest common factor of 16109 and 89.
89
What is the highest common factor of 24138 and 12150?
162
Calculate the highest common divisor of 184 and 13747928.
184
What is the highest common factor of 1566 and 1189?
29
Calculate the greatest common divisor of 30075 and 225.
75
What is the highest common divisor of 506440 and 120?
40
Calculate the greatest common divisor of 14237 and 437.
23
What is the greatest common divisor of 32422 and 667?
29
Calculate the greatest common divisor of 237 and 267099.
237
What is the greatest common divisor of 19000 and 11425?
25
What is the greatest common factor of 24278 and 40809?
61
What is the greatest common divisor of 316 and 41?
1
What is the greatest common factor of 16792088 and 2264?
2264
What is the highest common factor of 11660 and 7844?
212
What is the highest common divisor of 925 and 489050?
25
Calculate the greatest common divisor of 2861369 and 268.
67
Calculate the highest common factor of 22057 and 943.
23
Calculate the greatest common factor of 214 and 56710.
214
Calculate the greatest common factor of 23653 and 11935.
217
What is the greatest common factor of 56 and 59864?
56
Calculate the highest common divisor of 1551388 and 298.
298
Calculate the greatest common divisor of 335532 and 24.
12
Calculate the greatest common divisor of 62832 and 442.
34
What is the highest common factor of 31520 and 320?
160
Calculate the highest common factor of 449 and 233929.
449
What is the highest common factor of 465 and 1545?
15
What is the highest common factor of 190 and 296362?
38
Calculate the highest common divisor of 531 and 173106.
531
What is the greatest common divisor of 743967 and 241?
241
Calculate the highest common divisor of 5104 and 381524.
1276
What is the highest common factor of 7361 and 26846?
433
What is the greatest common factor of 31813 and 2291?
29
Calculate the greatest common divisor of 6 and 39236.
2
What is the highest common divisor of 126 and 92274?
42
Calculate the highest common factor of 5588 and 319.
11
Calculate the highest common factor of 128556 and 1728.
36
Calculate the highest common factor of 3950 and 411590.
790
Calculate the highest common divisor of 76545 and 525.
105
Calculate the greatest common divisor of 199121 and 265.
53
Calculate the greatest common divisor of 36 and 31113.
9
What is the highest common divisor of 37 and 23495?
37
Calculate the highest common factor of 706549 and 1.
1
What is the greatest common divisor of 182075 and 275?
25
What is the highest common factor of 5750 and 322?
46
What is the highest common factor of 470 and 1374985?
235
What is the highest common factor of 984 and 12266?
2
What is the highest common factor of 189916 and 1738?
158
Calculate the greatest common divisor of 61766 and 178.
178
What is the highest common factor of 81 and 202737?
3
Calculate the greatest common factor of 16539 and 2109.
111
What is the greatest common divisor of 104 and 5760?
8
What is the greatest common factor of 568632 and 912?
456
What is the greatest common divisor of 737 and 595094?
67
What is the greatest common factor of 7008 and 174543?
219
What is the highest common divisor of 14875 and 1855?
35
What is the highest common factor of 4096 and 23040?
512
Calculate the highest common divisor of 136 and 58504.
8
Calculate the highest common divisor of 9184 and 1648.
16
Calculate the greatest common factor of 119316 and 11712.
732
What is the highest common divisor of 7651 and 42?
7
Calculate the greatest common factor of 3200 and 1900.
100
Calculate the greatest common divisor of 522 and 248298.
174
What is the highest common factor of 315 and 107805?
15
What is the greatest common 